{"id":6631,"date":"2022-03-11T10:35:28","date_gmt":"2022-03-11T09:35:28","guid":{"rendered":"https:\/\/www.dot-anonymizer.com\/?page_id=6631"},"modified":"2025-11-03T17:37:25","modified_gmt":"2025-11-03T16:37:25","slug":"tarification","status":"publish","type":"page","link":"https:\/\/www.arcadsoftware.fr\/dot\/tarification\/","title":{"rendered":"Tarifs"},"content":{"rendered":"<p><div class=\"fusion-fullwidth fullwidth-box fusion-builder-row-1 fusion-flex-container fusion-parallax-none nonhundred-percent-fullwidth non-hundred-percent-height-scrolling lazyload hero background-initial-size image-banner\" style=\"--awb-background-position:right center;--awb-border-radius-top-left:0px;--awb-border-radius-top-right:0px;--awb-border-radius-bottom-right:0px;--awb-border-radius-bottom-left:0px;--awb-padding-top:25px;--awb-padding-bottom:25px;--awb-padding-right-small:20px;--awb-padding-left-small:20px;--awb-margin-bottom:0px;--awb-background-image:radial-gradient(circle at center center, #23a5c2 1%,#054c7d 100%);;--awb-background-size:cover;--awb-flex-wrap:wrap;\" data-bg=\"https:\/\/www.arcadsoftware.fr\/dot\/wp-content\/uploads\/2023\/01\/dot-anonymizer-background.png\" data-bg-gradient=\"radial-gradient(circle at center center, #23a5c2 1%,#054c7d 100%)\" ><div class=\"fusion-builder-row fusion-row fusion-flex-align-items-flex-start fusion-flex-justify-content-center fusion-flex-content-wrap\" style=\"max-width:1248px;margin-left: calc(-4% \/ 2 );margin-right: calc(-4% \/ 2 );\"><div class=\"fusion-layout-column fusion_builder_column fusion-builder-column-0 fusion_builder_column_3_5 3_5 fusion-flex-column\" style=\"--awb-padding-right-small:0px;--awb-padding-left-small:0px;--awb-bg-size:cover;--awb-width-large:60%;--awb-margin-top-large:20px;--awb-spacing-right-large:3.2%;--awb-margin-bottom-large:20px;--awb-spacing-left-large:3.2%;--awb-width-medium:75%;--awb-spacing-right-medium:2.56%;--awb-spacing-left-medium:2.56%;--awb-width-small:100%;--awb-margin-top-small:0px;--awb-spacing-right-small:2.88%;--awb-spacing-left-small:2.88%;\"><div class=\"fusion-column-wrapper fusion-column-has-shadow fusion-flex-justify-content-flex-start fusion-content-layout-column\"><div class=\"fusion-title title fusion-title-1 fusion-sep-none fusion-title-center fusion-title-text fusion-title-size-one tagline\" style=\"--awb-text-color:#fefefe;--awb-margin-top:0px;--awb-margin-bottom:0px;--awb-margin-top-small:4px;--awb-margin-right-small:0px;--awb-margin-bottom-small:0px;--awb-margin-left-small:0px;--awb-margin-top-medium:4px;--awb-margin-bottom-medium:4px;--awb-font-size:55px;\"><h1 class=\"fusion-title-heading title-heading-center fusion-responsive-typography-calculated\" style=\"font-family:&quot;Poppins&quot;;font-style:normal;font-weight:600;margin:0;font-size:1em;--fontSize:55;line-height:1.12;\">Tarifs &#8211; DOT Anonymizer<\/h1><\/div><div class=\"fusion-text fusion-text-1 fusion-text-no-margin\" style=\"--awb-content-alignment:center;--awb-text-color:var(--awb-color1);--awb-margin-bottom:0px;\"><p>Anonymisez vos donn\u00e9es de mani\u00e8re fiable, en toute conformit\u00e9 !<\/p>\n<\/div><\/div><\/div><\/div><\/div><div class=\"fusion-fullwidth fullwidth-box fusion-builder-row-2 fusion-flex-container nonhundred-percent-fullwidth non-hundred-percent-height-scrolling\" style=\"--awb-border-radius-top-left:0px;--awb-border-radius-top-right:0px;--awb-border-radius-bottom-right:0px;--awb-border-radius-bottom-left:0px;--awb-padding-top:45px;--awb-padding-bottom:45px;--awb-padding-right-small:20px;--awb-padding-left-small:20px;--awb-background-image:linear-gradient(180deg, rgba(173,219,230,0.15) 0%,var(--awb-color1) 100%);--awb-flex-wrap:wrap;\" ><div class=\"fusion-builder-row fusion-row fusion-flex-align-items-stretch fusion-flex-justify-content-center fusion-flex-content-wrap\" style=\"max-width:1248px;margin-left: calc(-4% \/ 2 );margin-right: calc(-4% \/ 2 );\"><div class=\"fusion-layout-column fusion_builder_column fusion-builder-column-1 fusion_builder_column_1_2 1_2 fusion-flex-column\" style=\"--awb-padding-right:30px;--awb-padding-bottom:40px;--awb-padding-left:30px;--awb-padding-right-small:20px;--awb-padding-left-small:20px;--awb-overflow:hidden;--awb-bg-size:cover;--awb-border-radius:0px 0px 20px 20px;--awb-width-large:50%;--awb-margin-top-large:20px;--awb-spacing-right-large:3.84%;--awb-margin-bottom-large:20px;--awb-spacing-left-large:3.84%;--awb-width-medium:50%;--awb-order-medium:0;--awb-spacing-right-medium:3.84%;--awb-spacing-left-medium:3.84%;--awb-width-small:100%;--awb-order-small:1;--awb-spacing-right-small:2.88%;--awb-spacing-left-small:2.88%;\"><div class=\"fusion-column-wrapper fusion-column-has-shadow fusion-flex-justify-content-flex-start fusion-content-layout-column\"><div class=\"fusion-image-element \" style=\"text-align:left;--awb-margin-bottom:0px;--awb-max-width:200px;--awb-caption-title-font-family:var(--h2_typography-font-family);--awb-caption-title-font-weight:var(--h2_typography-font-weight);--awb-caption-title-font-style:var(--h2_typography-font-style);--awb-caption-title-size:var(--h2_typography-font-size);--awb-caption-title-transform:var(--h2_typography-text-transform);--awb-caption-title-line-height:var(--h2_typography-line-height);--awb-caption-title-letter-spacing:var(--h2_typography-letter-spacing);\"><span class=\" fusion-imageframe imageframe-none imageframe-1 hover-type-none\" style=\"border-radius:8px;\"><img decoding=\"async\" width=\"335\" height=\"181\" alt=\"Unique picto\" title=\"Picto-unique\" src=\"https:\/\/www.arcadsoftware.fr\/dot\/wp-content\/uploads\/2022\/03\/Picto-unique.png\" data-orig-src=\"https:\/\/www.arcadsoftware.com\/dot\/wp-content\/uploads\/2022\/03\/Picto-unique.png\" class=\"lazyload img-responsive wp-image-6658\" srcset=\"data:image\/svg+xml,%3Csvg%20xmlns%3D%27http%3A%2F%2Fwww.w3.org%2F2000%2Fsvg%27%20width%3D%27335%27%20height%3D%27181%27%20viewBox%3D%270%200%20335%20181%27%3E%3Crect%20width%3D%27335%27%20height%3D%27181%27%20fill-opacity%3D%220%22%2F%3E%3C%2Fsvg%3E\" data-srcset=\"https:\/\/www.arcadsoftware.fr\/dot\/wp-content\/uploads\/2022\/03\/Picto-unique-200x108.png 200w, https:\/\/www.arcadsoftware.fr\/dot\/wp-content\/uploads\/2022\/03\/Picto-unique.png 335w\" data-sizes=\"auto\" data-orig-sizes=\"(max-width: 640px) 100vw, 335px\" \/><\/span><\/div><div class=\"fusion-title title fusion-title-2 fusion-sep-none fusion-title-text fusion-title-size-two\" style=\"--awb-text-color:var(--awb-color6);--awb-margin-top:15px;--awb-margin-bottom:10px;--awb-margin-top-small:12px;--awb-margin-right-small:0px;--awb-margin-bottom-small:24px;--awb-margin-left-small:0px;--awb-font-size:25px;\"><h2 class=\"fusion-title-heading title-heading-left fusion-responsive-typography-calculated\" style=\"font-family:&quot;Poppins&quot;;font-style:normal;font-weight:600;margin:0;font-size:1em;--fontSize:25;line-height:1.14;\">Inclus dans la tarification :<\/h2><\/div><ul style=\"--awb-margin-top:0px;--awb-item-padding-top:3px;--awb-item-padding-bottom:3px;--awb-textcolor:var(--awb-color6);--awb-line-height:34px;--awb-icon-width:34px;--awb-icon-height:34px;--awb-icon-margin:14px;--awb-content-margin:48px;\" class=\"fusion-checklist fusion-checklist-1 type-icons\"><li class=\"fusion-li-item\" style=\"--awb-iconcolor:var(--awb-color6);\"><span class=\"icon-wrapper circle-no\"><i class=\"fusion-li-icon fa-angle-right fas\" aria-hidden=\"true\"><\/i><\/span><div class=\"fusion-li-item-content\">\n<p><strong>Volume illimit\u00e9<\/strong> de donn\u00e9es anonymis\u00e9es<\/p>\n<\/div><\/li><li class=\"fusion-li-item\" style=\"--awb-iconcolor:var(--awb-color6);\"><span class=\"icon-wrapper circle-no\"><i class=\"fusion-li-icon fa-angle-right fas\" aria-hidden=\"true\"><\/i><\/span><div class=\"fusion-li-item-content\">\n<p><strong>Projets et traitements illimit\u00e9s<\/strong><br \/>(d\u00e9tection des donn\u00e9es sensibles &amp; anonymisation)<\/p>\n<\/div><\/li><li class=\"fusion-li-item\" style=\"--awb-iconcolor:var(--awb-color6);\"><span class=\"icon-wrapper circle-no\"><i class=\"fusion-li-icon fa-angle-right fas\" aria-hidden=\"true\"><\/i><\/span><div class=\"fusion-li-item-content\">\n<p><strong>Mod\u00e8le \u00e9conomique transparent<\/strong><br \/>(licences + connecteurs BDD selon vos besoins)<\/p>\n<\/div><\/li><li class=\"fusion-li-item\" style=\"--awb-iconcolor:var(--awb-color6);\"><span class=\"icon-wrapper circle-no\"><i class=\"fusion-li-icon fa-angle-right fas\" aria-hidden=\"true\"><\/i><\/span><div class=\"fusion-li-item-content\">\n<p><strong>Support r\u00e9actif et de qualit\u00e9<\/strong><\/p>\n<\/div><\/li><\/ul><\/div><\/div><div class=\"fusion-layout-column fusion_builder_column fusion-builder-column-2 fusion_builder_column_2_5 2_5 fusion-flex-column\" style=\"--awb-padding-top:35px;--awb-padding-right:35px;--awb-padding-bottom:35px;--awb-padding-left:35px;--awb-padding-right-small:20px;--awb-padding-left-small:20px;--awb-overflow:hidden;--awb-bg-color:var(--awb-color1);--awb-bg-color-hover:var(--awb-color1);--awb-bg-size:cover;--awb-box-shadow:2px 2px 7px 0px rgba(0,0,0,0.18);;--awb-border-radius:12px 12px 12px 12px;--awb-width-large:40%;--awb-margin-top-large:20px;--awb-spacing-right-large:4.8%;--awb-margin-bottom-large:20px;--awb-spacing-left-large:4.8%;--awb-width-medium:40%;--awb-order-medium:0;--awb-spacing-right-medium:4.8%;--awb-spacing-left-medium:4.8%;--awb-width-small:100%;--awb-order-small:0;--awb-spacing-right-small:1.92%;--awb-spacing-left-small:1.92%;\"><div class=\"fusion-column-wrapper fusion-column-has-shadow fusion-flex-justify-content-flex-start fusion-content-layout-column\"><div class=\"fusion-title title fusion-title-3 fusion-sep-none fusion-title-center fusion-title-text fusion-title-size-three\" style=\"--awb-text-color:var(--awb-color6);--awb-margin-top:0px;--awb-margin-bottom:0px;--awb-margin-top-small:12px;--awb-margin-right-small:0px;--awb-margin-bottom-small:24px;--awb-margin-left-small:0px;--awb-font-size:30px;\"><h3 class=\"fusion-title-heading title-heading-center fusion-responsive-typography-calculated\" style=\"font-family:&quot;Poppins&quot;;font-style:normal;font-weight:600;margin:0;font-size:1em;--fontSize:30;line-height:1.26;\">Obtenez votre tarif personnalis\u00e9<\/h3><\/div><div class=\"fusion-image-element \" style=\"text-align:center;--awb-max-width:200px;--awb-caption-title-font-family:var(--h2_typography-font-family);--awb-caption-title-font-weight:var(--h2_typography-font-weight);--awb-caption-title-font-style:var(--h2_typography-font-style);--awb-caption-title-size:var(--h2_typography-font-size);--awb-caption-title-transform:var(--h2_typography-text-transform);--awb-caption-title-line-height:var(--h2_typography-line-height);--awb-caption-title-letter-spacing:var(--h2_typography-letter-spacing);\"><span class=\" fusion-imageframe imageframe-none imageframe-2 hover-type-none\" style=\"border-radius:8px;\"><img decoding=\"async\" width=\"1200\" height=\"688\" alt=\"Illustration Banner DOT price\" title=\"Illustration Banner DOT price\" src=\"https:\/\/www.arcadsoftware.fr\/dot\/wp-content\/uploads\/2022\/03\/Illustration-banner-dot-price-1.png\" data-orig-src=\"https:\/\/www.arcadsoftware.com\/dot\/wp-content\/uploads\/2022\/03\/Illustration-banner-dot-price-1.png\" class=\"lazyload img-responsive wp-image-6640\" srcset=\"data:image\/svg+xml,%3Csvg%20xmlns%3D%27http%3A%2F%2Fwww.w3.org%2F2000%2Fsvg%27%20width%3D%271200%27%20height%3D%27688%27%20viewBox%3D%270%200%201200%20688%27%3E%3Crect%20width%3D%271200%27%20height%3D%27688%27%20fill-opacity%3D%220%22%2F%3E%3C%2Fsvg%3E\" data-srcset=\"https:\/\/www.arcadsoftware.fr\/dot\/wp-content\/uploads\/2022\/03\/Illustration-banner-dot-price-1-200x115.png 200w, https:\/\/www.arcadsoftware.fr\/dot\/wp-content\/uploads\/2022\/03\/Illustration-banner-dot-price-1-400x229.png 400w, https:\/\/www.arcadsoftware.fr\/dot\/wp-content\/uploads\/2022\/03\/Illustration-banner-dot-price-1-600x344.png 600w, https:\/\/www.arcadsoftware.fr\/dot\/wp-content\/uploads\/2022\/03\/Illustration-banner-dot-price-1-800x459.png 800w, https:\/\/www.arcadsoftware.fr\/dot\/wp-content\/uploads\/2022\/03\/Illustration-banner-dot-price-1.png 1200w\" data-sizes=\"auto\" data-orig-sizes=\"(max-width: 640px) 100vw, 400px\" \/><\/span><\/div><!--[if lte IE 8]>\n<script charset=\"utf-8\" type=\"text\/javascript\" src=\"\/\/js.hsforms.net\/forms\/v2-legacy.js\"><\/script>\n<![endif]-->\n<script charset=\"utf-8\" type=\"text\/javascript\" src=\"\/\/js.hsforms.net\/forms\/v2.js\"><\/script>\n<script>\n  hbspt.forms.create({\n\tregion: \"na1\",\n\tportalId: \"4514828\",\n\tformId: \"926c0c9c-2845-4ef7-b413-b91261bddf55\",\n      \tcss: \"\",\n        blockedDomains: [\"freschelegacy.com\",\"freschesolutions.com\",\"rocketsoftware.com\",\"softlanding.com\",\"mkssoftware.com\",\"midrangedynamics.com\",\"remainsoftware.com\",\"taskforce-it.de\",\"origsoft.com\",\"itheis.com\",\"idinfo-conseil.com\",\"broadcom.com\",\"rs.com\",\"idinfo.eu\",\"looksoftware.com\",\"proximity.co.uk\",\"bigblue.it\",\"xhypm.com\",\"seagullsoftware.com\",\"seagullsoftware.com\",\"xcase.com\",\"comsid.de\",\"genebag.com\",\"mailo.com\",\"neuf.fr\",\"pks.de\",\"armonie.group\",\"pascalpolverini.com\",\"polverinipartners.com\",\"systnaps.com\",\"sarus.tech\",\"microfocus.com\",\"opentext.com\",\"md-na.com\",\"redbourn.co.uk\",\"omninet.be\",\"cdinvest.be\",\"cdinvest.eu\",\"ptc.com\",\"alvinecapital.co.uk\",\"katchou.eu\",\"talend.com\",\"bartech.es\"],\n        translations: {\n           fr: {\n             required: \"Ce champs est requis.\",\n             missingSelect: \"Ce champs est requis.\",\n             forbiddenEmailDomain: \"Veuillez saisir une adresse professionnelle\",\n             manuallyBlockedEmailDomain: \"Veuillez saisir une adresse professionnelle\", \n             submitText: \"DEMANDE DE TARIFS\"\n           }\n       }\n});\n<\/script><\/div><\/div><\/div><\/div><\/p>\n","protected":false},"excerpt":{"rendered":"","protected":false},"author":5,"featured_media":6640,"parent":0,"menu_order":0,"comment_status":"closed","ping_status":"closed","template":"100-width.php","meta":{"footnotes":""},"class_list":["post-6631","page","type-page","status-publish","has-post-thumbnail","hentry"],"yoast_head":"<!-- This site is optimized with the Yoast SEO plugin v27.1.1 - https:\/\/yoast.com\/product\/yoast-seo-wordpress\/ -->\n<title>Tarifs - DOT Anonymizer, Outil d&#039;anonymisation de donn\u00e9es<\/title>\n<meta name=\"description\" content=\"Une tarification unique, sans limite de traitements d&#039;anonymisation, de bases, d\u2019utilisateurs ou de volume de donn\u00e9es.\" \/>\n<meta name=\"robots\" content=\"index, follow, max-snippet:-1, max-image-preview:large, max-video-preview:-1\" \/>\n<link rel=\"canonical\" href=\"https:\/\/www.arcadsoftware.fr\/dot\/tarification\/\" \/>\n<meta property=\"og:locale\" content=\"en_US\" \/>\n<meta property=\"og:type\" content=\"article\" \/>\n<meta property=\"og:title\" content=\"Tarifs - DOT Anonymizer, Outil d&#039;anonymisation de donn\u00e9es\" \/>\n<meta property=\"og:description\" content=\"Une tarification unique, sans limite de traitements d&#039;anonymisation, de bases, d\u2019utilisateurs ou de volume de donn\u00e9es.\" \/>\n<meta property=\"og:url\" content=\"https:\/\/www.arcadsoftware.fr\/dot\/tarification\/\" \/>\n<meta property=\"og:site_name\" content=\"DOT - Data Oriented Testing\" \/>\n<meta property=\"article:modified_time\" content=\"2025-11-03T16:37:25+00:00\" \/>\n<meta property=\"og:image\" content=\"https:\/\/www.arcadsoftware.fr\/dot\/wp-content\/uploads\/2022\/03\/Illustration-banner-dot-price-1.png\" \/>\n\t<meta property=\"og:image:width\" content=\"1200\" \/>\n\t<meta property=\"og:image:height\" content=\"688\" \/>\n\t<meta property=\"og:image:type\" content=\"image\/png\" \/>\n<meta name=\"twitter:card\" content=\"summary_large_image\" \/>\n<meta name=\"twitter:label1\" content=\"Est. reading time\" \/>\n\t<meta name=\"twitter:data1\" content=\"5 minutes\" \/>\n<script type=\"application\/ld+json\" class=\"yoast-schema-graph\">{\"@context\":\"https:\/\/schema.org\",\"@graph\":[{\"@type\":\"WebPage\",\"@id\":\"https:\/\/www.arcadsoftware.fr\/dot\/tarification\/\",\"url\":\"https:\/\/www.arcadsoftware.fr\/dot\/tarification\/\",\"name\":\"Tarifs - DOT Anonymizer, Outil d'anonymisation de donn\u00e9es\",\"isPartOf\":{\"@id\":\"https:\/\/www.arcadsoftware.com\/dot\/#website\"},\"primaryImageOfPage\":{\"@id\":\"https:\/\/www.arcadsoftware.fr\/dot\/tarification\/#primaryimage\"},\"image\":{\"@id\":\"https:\/\/www.arcadsoftware.fr\/dot\/tarification\/#primaryimage\"},\"thumbnailUrl\":\"https:\/\/www.arcadsoftware.fr\/dot\/wp-content\/uploads\/2022\/03\/Illustration-banner-dot-price-1.png\",\"datePublished\":\"2022-03-11T09:35:28+00:00\",\"dateModified\":\"2025-11-03T16:37:25+00:00\",\"description\":\"Une tarification unique, sans limite de traitements d'anonymisation, de bases, d\u2019utilisateurs ou de volume de donn\u00e9es.\",\"inLanguage\":\"en-US\",\"potentialAction\":[{\"@type\":\"ReadAction\",\"target\":[\"https:\/\/www.arcadsoftware.fr\/dot\/tarification\/\"]}]},{\"@type\":\"ImageObject\",\"inLanguage\":\"en-US\",\"@id\":\"https:\/\/www.arcadsoftware.fr\/dot\/tarification\/#primaryimage\",\"url\":\"https:\/\/www.arcadsoftware.fr\/dot\/wp-content\/uploads\/2022\/03\/Illustration-banner-dot-price-1.png\",\"contentUrl\":\"https:\/\/www.arcadsoftware.fr\/dot\/wp-content\/uploads\/2022\/03\/Illustration-banner-dot-price-1.png\",\"width\":1200,\"height\":688,\"caption\":\"Illustration Banner DOT price\"},{\"@type\":\"WebSite\",\"@id\":\"https:\/\/www.arcadsoftware.com\/dot\/#website\",\"url\":\"https:\/\/www.arcadsoftware.com\/dot\/\",\"name\":\"DOT - Data Oriented Testing\",\"description\":\"Confidential Data Testing Automation\",\"potentialAction\":[{\"@type\":\"SearchAction\",\"target\":{\"@type\":\"EntryPoint\",\"urlTemplate\":\"https:\/\/www.arcadsoftware.com\/dot\/?s={search_term_string}\"},\"query-input\":{\"@type\":\"PropertyValueSpecification\",\"valueRequired\":true,\"valueName\":\"search_term_string\"}}],\"inLanguage\":\"en-US\"}]}<\/script>\n<!-- \/ Yoast SEO plugin. -->","yoast_head_json":{"title":"Tarifs - DOT Anonymizer, Outil d'anonymisation de donn\u00e9es","description":"Une tarification unique, sans limite de traitements d'anonymisation, de bases, d\u2019utilisateurs ou de volume de donn\u00e9es.","robots":{"index":"index","follow":"follow","max-snippet":"max-snippet:-1","max-image-preview":"max-image-preview:large","max-video-preview":"max-video-preview:-1"},"canonical":"https:\/\/www.arcadsoftware.fr\/dot\/tarification\/","og_locale":"en_US","og_type":"article","og_title":"Tarifs - DOT Anonymizer, Outil d'anonymisation de donn\u00e9es","og_description":"Une tarification unique, sans limite de traitements d'anonymisation, de bases, d\u2019utilisateurs ou de volume de donn\u00e9es.","og_url":"https:\/\/www.arcadsoftware.fr\/dot\/tarification\/","og_site_name":"DOT - Data Oriented Testing","article_modified_time":"2025-11-03T16:37:25+00:00","og_image":[{"width":1200,"height":688,"url":"https:\/\/www.arcadsoftware.fr\/dot\/wp-content\/uploads\/2022\/03\/Illustration-banner-dot-price-1.png","type":"image\/png"}],"twitter_card":"summary_large_image","twitter_misc":{"Est. reading time":"5 minutes"},"schema":{"@context":"https:\/\/schema.org","@graph":[{"@type":"WebPage","@id":"https:\/\/www.arcadsoftware.fr\/dot\/tarification\/","url":"https:\/\/www.arcadsoftware.fr\/dot\/tarification\/","name":"Tarifs - DOT Anonymizer, Outil d'anonymisation de donn\u00e9es","isPartOf":{"@id":"https:\/\/www.arcadsoftware.com\/dot\/#website"},"primaryImageOfPage":{"@id":"https:\/\/www.arcadsoftware.fr\/dot\/tarification\/#primaryimage"},"image":{"@id":"https:\/\/www.arcadsoftware.fr\/dot\/tarification\/#primaryimage"},"thumbnailUrl":"https:\/\/www.arcadsoftware.fr\/dot\/wp-content\/uploads\/2022\/03\/Illustration-banner-dot-price-1.png","datePublished":"2022-03-11T09:35:28+00:00","dateModified":"2025-11-03T16:37:25+00:00","description":"Une tarification unique, sans limite de traitements d'anonymisation, de bases, d\u2019utilisateurs ou de volume de donn\u00e9es.","inLanguage":"en-US","potentialAction":[{"@type":"ReadAction","target":["https:\/\/www.arcadsoftware.fr\/dot\/tarification\/"]}]},{"@type":"ImageObject","inLanguage":"en-US","@id":"https:\/\/www.arcadsoftware.fr\/dot\/tarification\/#primaryimage","url":"https:\/\/www.arcadsoftware.fr\/dot\/wp-content\/uploads\/2022\/03\/Illustration-banner-dot-price-1.png","contentUrl":"https:\/\/www.arcadsoftware.fr\/dot\/wp-content\/uploads\/2022\/03\/Illustration-banner-dot-price-1.png","width":1200,"height":688,"caption":"Illustration Banner DOT price"},{"@type":"WebSite","@id":"https:\/\/www.arcadsoftware.com\/dot\/#website","url":"https:\/\/www.arcadsoftware.com\/dot\/","name":"DOT - Data Oriented Testing","description":"Confidential Data Testing Automation","potentialAction":[{"@type":"SearchAction","target":{"@type":"EntryPoint","urlTemplate":"https:\/\/www.arcadsoftware.com\/dot\/?s={search_term_string}"},"query-input":{"@type":"PropertyValueSpecification","valueRequired":true,"valueName":"search_term_string"}}],"inLanguage":"en-US"}]}},"_links":{"self":[{"href":"https:\/\/www.arcadsoftware.fr\/dot\/wp-json\/wp\/v2\/pages\/6631","targetHints":{"allow":["GET"]}}],"collection":[{"href":"https:\/\/www.arcadsoftware.fr\/dot\/wp-json\/wp\/v2\/pages"}],"about":[{"href":"https:\/\/www.arcadsoftware.fr\/dot\/wp-json\/wp\/v2\/types\/page"}],"author":[{"embeddable":true,"href":"https:\/\/www.arcadsoftware.fr\/dot\/wp-json\/wp\/v2\/users\/5"}],"replies":[{"embeddable":true,"href":"https:\/\/www.arcadsoftware.fr\/dot\/wp-json\/wp\/v2\/comments?post=6631"}],"version-history":[{"count":5,"href":"https:\/\/www.arcadsoftware.fr\/dot\/wp-json\/wp\/v2\/pages\/6631\/revisions"}],"predecessor-version":[{"id":12802,"href":"https:\/\/www.arcadsoftware.fr\/dot\/wp-json\/wp\/v2\/pages\/6631\/revisions\/12802"}],"wp:featuredmedia":[{"embeddable":true,"href":"https:\/\/www.arcadsoftware.fr\/dot\/wp-json\/wp\/v2\/media\/6640"}],"wp:attachment":[{"href":"https:\/\/www.arcadsoftware.fr\/dot\/wp-json\/wp\/v2\/media?parent=6631"}],"curies":[{"name":"wp","href":"https:\/\/api.w.org\/{rel}","templated":true}]}}